s digit of 2311980782?
9
What is the thousands digit of 93603437?
3
What is the hundred millions digit of 709704039?
7
What is the ten millions digit of 2505845797?
0
What is the millions digit of 65072601?
5
What is the thousands digit of 53056134?
6
What is the hundreds digit of 383143557?
5
What is the thousands digit of 590007937?
7
What is the thousands digit of 118575626?
5
What is the thousands digit of 653546085?
6
What is the ten millions digit of 1378520715?
7
What is the ten thousands digit of 18221601?
2
What is the thousands digit of 59187808?
7
What is the millions digit of 26829683?
6
What is the millions digit of 101349672?
1
What is the units digit of 1571415723?
3
What is the hundreds digit of 1620284?
2
What is the thousands digit of 3088212218?
2
What is the millions digit of 2734099408?
4
What is the ten thousands digit of 81158313?
5
What is the millions digit of 286186680?
6
What is the ten millions digit of 772115037?
7
What is the units digit of 44671313?
3
What is the hundred millions digit of 3280513957?
2
What is the ten thousands digit of 2520476969?
7
What is the units digit of 2816712649?
9
What is the tens digit of 161893310?
1
What is the tens digit of 62324753?
5
What is the units digit of 66674384?
4
What is the hundred thousands digit of 601642054?
6
What is the thousands digit of 114986935?
6
What is the ten millions digit of 2333071243?
3
What is the tens digit of 263870076?
7
What is the billions digit of 4695323149?
4
What is the units digit of 892765762?
2
What is the hundred millions digit of 2373334994?
3
What is the millions digit of 98249868?
8
What is the tens digit of 44944527?
2
What is the hundreds digit of 63035253?
2
What is the thousands digit of 1226500452?
0
What is the ten millions digit of 3453274317?
5
What is the ten thousands digit of 63152336?
5
What is the hundred millions digit of 233341815?
2
What is the units digit of 11433920?
0
What is the millions digit of 1079971107?
9
What is the hundreds digit of 7222659?
6
What is the hundreds digit of 55794482?
4
What is the hundreds digit of 1193269966?
9
What is the thousands digit of 6023450422?
0
What is the hundred thousands digit of 45011824?
0
What is the units digit of 98979236?
6
What is the hundred millions digit of 115005070?
1
What is the ten millions digit of 43400128?
4
What is the hundreds digit of 1129359358?
3
What is the ten millions digit of 445095968?
4
What is the hundreds digit of 900053914?
9
What is the thousands digit of 4070247006?
7
What is the units digit of 2357964614?
4
What is the hundred millions digit of 346431413?
3
What is the millions digit of 167824636?
7
What is the hundreds digit of 1155012874?
8
What is the hundreds digit of 208064620?
6
What is the hundreds digit of 40045409?
4
What is the tens digit of 25902371?
7
What is the units digit of 2711312326?
6
What is the hundred thousands digit of 3556846101?
8
What is the millions digit of 3320226458?
0
What is the millions digit of 64115938?
4
What is the ten thousands digit of 55106809?
0
What is the millions digit of 1065488315?
5
What is the millions digit of 30021994?
0
What is the hundred thousands digit of 25448633?
4
What is the thousands digit of 5420434671?
4
What is the units digit of 1342538703?
3
What is the millions digit of 2072183?
2
What is the tens digit of 16223705?
0
What is the thousands digit of 2440006445?
6
What is the units digit of 4674413?
3
What is the ten millions digit of 304554420?
0
What is the tens digit of 62699704?
0
What is the units digit of 117203947?
7
What is the hundred thousands digit of 87602503?
6
What is the hundred millions digit of 502933438?
5
What is the hundred thousands digit of 33962547?
9
What is the units digit of 348412963?
3
What is the thousands digit of 1343734747?
4
What is the hundreds digit of 10847516?
5
What is the ten millions digit of 38515523?
3
What is the units digit of 240919962?
2
What is the hundred thousands digit of 88526941?
5
What is the tens digit of 4028786726?
2
What is the hundred thousands digit of 917580391?
5
What is the ten thousands digit of 3729667241?
6
What is the hundred millions digit of 1998607247?
9
What is the hundred millions digit of 243897086?
2
What is the ten millions digit of 319748867?
1
What is the hundred millions digit of 341199845?
3
What is the tens digit of 25488979?
7
What is the ten millions digit of 47868551?
4
What is the hundreds digit of 2564584728?
7
What is the hundred thousands digit of 725294482?
2
What is the hundred millions digit of 2532373183?
5
What is the ten thousands digit of 155917507?
1
What is the hundred millions digit of 118158644?
1
What is the tens digit of 35168088?
8
What is the hundreds digit of 28547605?
6
What is the millions digit of 37693476?
7
What is the tens digit of 16008564?
6
What is the hundreds digit of 279049670?
6
What is the hundred millions digit of 676192462?
6
What is the hundred thousands digit of 836429452?
4
What is the millions digit of 212397079?
2
What is the hundreds digit of 44638287?
2
What is the units digit of 75755377?
7
What is the ten millions digit of 252523948?
5
What is the hundreds digit of 2094065458?
4
What is the tens digit of 1701216859?
5
What is the thousands digit of 190445909?
5
What is the hundred thousands digit of 224921952?
9
What is the thousands digit of 1299483431?
3
What is the hundred millions digit of 802843628?
8
What is the tens digit of 427668011?
1
What is the ten millions digit of 18915927?
1
What is the hundred millions digit of 359539566?
3
What is the ten thousands digit of 297850471?
5
What is the tens digit of 51712963?
6
What is the hundred thousands digit of 515229726?
2
What is the hundred thousands digit of 932292482?
2
What is the hundreds digit of 567698645?
6
What is the millions digit of 58180271?
8
What is the hundreds digit of 4117177408?
4
What is the ten millions digit of 4415836234?
1
What is the millions digit of 111596501?
1
What is the thousands digit of 336440143?
0
What is the hundred millions digit of 6497804513?
4
What is the hundred thousands digit of 291639023?
6
What is the tens digit of 503766407?
0
What is the ten millions digit of 169892167?
6
What is the ten millions digit of 75499866?
7
What is the units digit of 4509962397?
7
What is the ten thousands digit of 116532633?
3
What is the tens digit of 1058816?
1
What is the tens digit of 2433250683?
8
What is the millions digit of 5322510117?
2
What is the ten millions digit of 772085393?
7
What is the tens digit of 29554812?
1
What is the hundreds digit of 261164636?
6
What is the hundreds digit of 1373700795?
7
What is the ten thousands digit of 51956896?
5
What is the ten millions digit of 21596447?
2
What is the ten thousands digit of 10710031?
1
What is the ten millions digit of 91762803?
9
What is the units digit of 141883548?
8
What is the hundred thousands digit of 2538745895?
7
What is the ten thousands digit of 682566237?
6
What is the ten millions digit of 304326995?
0
What is the hundred thousands digit of 10787191?
7
What is the ten thousands digit of 2901085122?
8
What is the ten millions digit of 377829624?
7
What is the millions digit of 282735813?
2
What is the hundred millions digit of 823192367?
8
What is the thousands digit of 645160391?
0
What is the hundred millions digit of 313484900?
3
What is the millions digit of 772280107?
2
What is the thousands digit of 102676954?
6
What is the tens digit of 1231716369?
6
What is the billions digit of 3586113942?
3
What is the hundred thousands digit of 3764237668?
2
What is the millions digit of 27442090?
7
What is the ten thousands digit of 547153088?
5
What is the ten millions digit of 892354345?
9
What is the tens digit of 439273084?
8
What is the ten thousands digit of 739917169?
1
What is the thousands digit of 97601796?
1
What is the hundred thousands digit of 204583065?
5
What is the units digit of 127963750?
0
What is the hundred millions digit of 289712940?
2
What is the ten thousands digit of 25201406?
0
What is the hundred thousands digit of 3848772087?
7
What is the hundred millions digit of 215583884?
2
What is the ten thousands digit of 5172108042?
0
What is the hundreds digit of 1672246062?
0
What is 